{"id":27,"date":"2020-08-29T23:35:31","date_gmt":"2020-08-29T23:35:31","guid":{"rendered":"http:\/\/praxis-tiefenbach.de\/wordpress\/?page_id=27"},"modified":"2026-01-09T12:45:55","modified_gmt":"2026-01-09T11:45:55","slug":"team","status":"publish","type":"page","link":"https:\/\/praxis-tiefenbach.de\/?page_id=27","title":{"rendered":"Team"},"content":{"rendered":"\n<p><strong>DR. MED. BIRGITT WEINHOLD<\/strong><\/p>\n\n\n\n<ul class=\"wp-block-list\">\n<li>aufgewachsen in Barcelona und im schw\u00e4bischen Bopfingen<\/li>\n\n\n\n<li>seit 2006 als Fach\u00e4rztin f\u00fcr Allgemeinmedizin in Tiefenbach niedergelassen<\/li>\n\n\n\n<li>berufst\u00e4tig seit 1987, zun\u00e4chst naturheilkundlich, sp\u00e4ter im Bereich Stoffwechsel und&nbsp;Diabetologie sowie Sportmedizin.<\/li>\n<\/ul>\n\n\n\n<p><strong>Zus\u00e4tzliche Qualifikationen<\/strong><\/p>\n\n\n\n<ul class=\"wp-block-list\">\n<li>Naturheilkunde<\/li>\n\n\n\n<li>Sportmedizin<\/li>\n\n\n\n<li>Lehrpraxis der Technischen Universit\u00e4t M\u00fcnchen, Universit\u00e4t Regensburg, Universit\u00e4t Augsburg<\/li>\n\n\n\n<li>Diabetologin DDG<\/li>\n\n\n\n<li>Tiefenpsychologisch fundierte Psychotherapie<\/li>\n\n\n\n<li>Zwei Jahre Weiterbildungserm\u00e4chtigung Allgemeinmedizin<\/li>\n<\/ul>\n\n\n\n<p><strong>DR. MED. UNIV. JOHANNES BRUNNER<\/strong><\/p>\n\n\n\n<ul class=\"wp-block-list\">\n<li>Facharzt f\u00fcr Allgemeinmedizin<\/li>\n\n\n\n<li>Facharzt f\u00fcr Urologie<\/li>\n\n\n\n<li>seit 2024 als angestellter Arzt t\u00e4tig in Tiefenbach<\/li>\n<\/ul>\n\n\n\n<p><strong>Agnes Rettinger<\/strong><\/p>\n\n\n\n<ul class=\"wp-block-list\">\n<li>Medizinische Fachangestellte<\/li>\n<\/ul>\n\n\n\n<p><strong>Anna \u2013 Lena Holler<\/strong><\/p>\n\n\n<ul class=\"wp-block-list\">\n<li>Medizinische Fachangestellte, Zusatzqualifikation VERAH<\/li>\n<\/ul>\n\n\n\n<p><strong>Rebeccca Schwander<\/strong><\/p>\n\n\n<ul class=\"wp-block-list\">\n<li>Medizinische Fachangestellte, Zusatzqualifikation Praxismanagerin<\/li>\n<\/ul>\n\n\n\n<p><strong>Sophie B\u00fccherl<\/strong><\/p>\n\n\n<ul class=\"wp-block-list\">\n<li>Medizinische Fachangestellte<\/li>\n\n\n<li>Diabetesberaterin in Ausbildung<\/li>\n<\/ul>\n\n\n\n<p><strong>Marina Wild<\/strong><\/p>\n\n\n<ul class=\"wp-block-list\">\n<li>Medizinische Fachangestellte<\/li>\n<\/ul>\n\n\n\n<p><strong>Sabine Schmid<\/strong><\/p>\n\n\n<ul class=\"wp-block-list\">\n<li>Medizinische Fachangestellte<\/li>\n<\/ul>\n\n\n\n<p><strong>Nicole Hoffmann<\/strong><\/p>\n\n\n<ul class=\"wp-block-list\">\n<li>Medizinische Fachangestellte in Ausbildung<\/li>\n<\/ul>\n\n\n\n<p><br><br><strong>Liebe Patientin, lieber Patient,<\/strong><\/p>\n<p>Es ist mir wichtig, den sch\u00f6nen Beruf des Landarztes wieder ins rechte Licht zu r\u00fccken und dies \u00fcber die Lehrpraxis zu vermitteln. Daher haben wir von Zeit zu Zeit Medizinstudentinnen und Medizinstudenten f\u00fcr Praktika zu Besuch. Bitte haben Sie Verst\u00e4ndnis, falls es in diesem Zeitraum zu Verz\u00f6gerungen kommen sollte!<\/p>\n","protected":false},"excerpt":{"rendered":"<p>DR. MED. BIRGITT WEINHOLD Zus\u00e4tzliche Qualifikationen DR. MED. UNIV. JOHANNES BRUNNER Agnes Rettinger Anna \u2013 Lena Holler Rebeccca Schwander Sophie B\u00fccherl Marina Wild Sabine Schmid Nicole Hoffmann Liebe Patientin, lieber Patient, Es ist mir wichtig, den sch\u00f6nen Beruf des Landarztes wieder ins rechte Licht zu r\u00fccken und dies \u00fcber die Lehrpraxis zu vermitteln. Daher haben &hellip; <\/p>\n<p class=\"link-more\"><a href=\"https:\/\/praxis-tiefenbach.de\/?page_id=27\" class=\"more-link\"><span class=\"screen-reader-text\">\u201eTeam\u201c <\/span>weiterlesen<\/a><\/p>\n","protected":false},"author":1,"featured_media":0,"parent":0,"menu_order":0,"comment_status":"closed","ping_status":"closed","template":"","meta":{"footnotes":""},"class_list":["post-27","page","type-page","status-publish","hentry"],"_links":{"self":[{"href":"https:\/\/praxis-tiefenbach.de\/index.php?rest_route=\/wp\/v2\/pages\/27","targetHints":{"allow":["GET"]}}],"collection":[{"href":"https:\/\/praxis-tiefenbach.de\/index.php?rest_route=\/wp\/v2\/pages"}],"about":[{"href":"https:\/\/praxis-tiefenbach.de\/index.php?rest_route=\/wp\/v2\/types\/page"}],"author":[{"embeddable":true,"href":"https:\/\/praxis-tiefenbach.de\/index.php?rest_route=\/wp\/v2\/users\/1"}],"replies":[{"embeddable":true,"href":"https:\/\/praxis-tiefenbach.de\/index.php?rest_route=%2Fwp%2Fv2%2Fcomments&post=27"}],"version-history":[{"count":15,"href":"https:\/\/praxis-tiefenbach.de\/index.php?rest_route=\/wp\/v2\/pages\/27\/revisions"}],"predecessor-version":[{"id":264,"href":"https:\/\/praxis-tiefenbach.de\/index.php?rest_route=\/wp\/v2\/pages\/27\/revisions\/264"}],"wp:attachment":[{"href":"https:\/\/praxis-tiefenbach.de\/index.php?rest_route=%2Fwp%2Fv2%2Fmedia&parent=27"}],"curies":[{"name":"wp","href":"https:\/\/api.w.org\/{rel}","templated":true}]}}